divisor of w and 13.
13
Let b be 6*(2 - 3)/(-1). Calculate the highest common factor of b and 30.
6
Let l(r) be the first derivative of r + 0*r**2 - 3*r**4 - 2/3*r**3 + 3. Let v be l(-1). What is the greatest common factor of v and 1?
1
Let k = -22 - -34. What is the highest common factor of k and 120?
12
Let d(w) be the second derivative of w**4/12 + w**3/2 + 7*w**2/2 + 7*w. Let o be d(-5). What is the highest common divisor of 68 and o?
17
Let h be 3040/72 - (-4)/(-18). What is the highest common divisor of 63 and h?
21
Let k = 21 - -34. Suppose -15 + k = 4*d. Calculate the highest common divisor of d and 80.
10
Suppose -z = -56 - 29. Suppose -z = -5*b + 265. What is the highest common factor of 14 and b?
14
Let l(m) = m**3 + m**2 + m - 6. Let p be l(3). What is the highest common divisor of 3 and p?
3
Suppose -5*l + 0*k = -2*k - 23, -4*l = k - 8. Suppose -54 = -s - 2*s. What is the greatest common divisor of s and l?
3
Let r(z) be the second derivative of 3/2*z**3 + 0 - 9/2*z**2 + z + 1/6*z**4. Let s be r(-7). What is the highest common factor of s and 65?
13
Suppose -3*c + 12 = 0, -2*m = c - 0*c - 204. What is the highest common divisor of m and 20?
20
Let l be (2 + -1)/(1/3). Let b(j) = -20*j**3 + j + 0*j + 1 + j**2 + 0*j. Let a be b(-1). Calculate the greatest common divisor of a and l.
3
Let b be (-2)/8 - ((-972)/(-16))/(-3). Let x = 129 - 72. Let m = -7 + x. Calculate the highest common factor of m and b.
10
Suppose -a + 135 - 119 = 0. Calculate the greatest common divisor of 128 and a.
16
Suppose 0*g + 218 = 5*g + 2*p, -g + 26 = -4*p. Calculate the highest common divisor of g and 14.
14
Let o(n) = n - 2. Let s be o(-1). Let d(f) = 9*f**2 + 3. Let l be d(s). Calculate the greatest common divisor of 14 and l.
14
Suppose -g - 2*g = -3, -4*g + 226 = 2*r. Suppose 4*k = 1 + r. Suppose -3*j = -5*z + 5 + 27, -2*z - j = -15. Calculate the highest common divisor of k and z.
7
Let r be (150/(-8))/(6/24). Let q be r - (0/1 + 2). Let t = -41 - q. What is the greatest common divisor of t and 9?
9
Suppose 0 = 4*a - 2*m - 84, -m = -4*a - 5*m + 72. Let r = -14 + 14. Suppose -5*g + 250 = -r*g. Calculate the greatest common factor of g and a.
10
Suppose -4*d = 8*d - 96. Calculate the highest common factor of 3 and d.
1
Let s be (7/(-14))/(2/4). Let d = s - -2. Calculate the highest common divisor of 5 and d.
1
Suppose 3*t = -7 + 73. Calculate the greatest common factor of t and 198.
22
Let y = 39 + -15. Calculate the greatest common factor of 60 and y.
12
Suppose 9 + 12 = 5*k - 3*x, -39 = -5*k - 3*x. What is the greatest common factor of k and 3?
3
Suppose -12 = 2*d - 2. Let u(m) = -m**2 - 7*m - 4. Let i be u(d). Let w be 64*((-6)/(-8))/1. What is the highest common factor of i and w?
6
Suppose 5*k = -4*d - d + 55, 3*d - 1 = -k. Let w(j) = -j**2 + 4*j + 7. Let c be w(5). Calculate the highest common divisor of k and c.
2
Let b be -1*2 + 0 + 2. Let i be 1 - b - 1*-4. Suppose 4*g = 5*q + 6 + 1, -i*q = -25. Calculate the greatest common factor of 80 and g.
8
Let r(x) = 24*x - 2. Let s be r(1). Suppose 2*p = -1 + 5. Suppose -5*z + p*w = -26 - 33, -5*z + 5*w + 65 = 0. Calculate the greatest common factor of s and z.
11
Let m(w) = w**3 - 4*w**2 + 3*w. Let k be m(4). Suppose -3*f + 14 = 2*t - 3*t, -5*f = -2*t - 24. What is the greatest common divisor of k and f?
4
Let s(p) = 10*p**3 - 5*p + 4. Let i be s(1). What is the greatest common factor of i and 1?
1
Suppose -5*m - 90 = -5*k, 0 = 6*k - k + 2*m - 118. Calculate the greatest common factor of k and 11.
11
Let i be (14 + -2)/(5 + -3). Let g = i - -12. Calculate the highest common factor of 198 and g.
18
Let a be (-3)/9 - 121/(-3). Let b(l) = l**3 - 8*l**2 + 2*l - 12. Let y be b(8). What is the highest common divisor of y and a?
4
Let z be (-6)/21 + (-36)/21. Let y = z - -9. What is the greatest common factor of y and 21?
7
Let f(b) = -b - 3. Let m be f(-5). Let l be 23 + 4/(-4 + 0). Calculate the highest common factor of m and l.
2
Let b be 4/10 - 240/(-25). Suppose -2*m + 2 = -2. Suppose -4*k = 4*s - 336, 0*s - 3*s + m*k = -232. What is the greatest common divisor of s and b?
10
Let t(p) = -7*p**2 + 21*p - 6. Let j(b) = -8*b**2 + 22*b - 5. Let f(n) = 5*j(n) - 6*t(n). Let c be f(11). What is the highest common factor of c and 7?
7
Suppose 5*x - 808 = g, -x - g + 28 + 136 = 0. Calculate the highest common divisor of 18 and x.
18
Let v be ((-2)/8)/(1/(-8)). What is the highest common factor of 2 and v?
2
Suppose -3*c - 5*r + 11 = 0, -49 = -5*c + 5*r - 4. Suppose -4*u + 23 = c. What is the greatest common factor of u and 1?
1
Suppose 1 = 4*c + 9. Let z be 0/(-2) + (-80)/c. What is the greatest common divisor of z and 5?
5
Suppose 3*l = 7*l - 12. Suppose l*d + 5*q = -13, 5*d - 6*q + 3*q = 35. What is the highest common divisor of 6 and d?
2
Suppose 2*p = 1 + 9. Let b(v) = v + 6. Let s be b(0). Let d(f) = 2*f**2 - 9*f + 2. Let t be d(s). Calculate the greatest common divisor of p and t.
5
Let i(q) = 161*q + 2. Let p be i(-3). Let j = 802 + p. Suppose 5*n - j = -2*k + 239, 5*n + 5*k = 575. Calculate the highest common divisor of 10 and n.
10
Suppose -5*o = 3*j - 863, 4*j + o = 2*o + 1143. What is the highest common divisor of j and 26?
26
Let r be (-302)/(-8) + (-6)/(-24). Suppose -3 + 15 = 4*x. Suppose x*d - d = r. What is the greatest common divisor of 19 and d?
19
Suppose v - 99 = -5*i - 24, -4*v = 3*i - 283. What is the highest common divisor of 56 and v?
14
Let l be 1 + (1 - 0/1). Suppose 0 = 2*x - 4*w + 16, w - 30 = -4*x - 17. Calculate the greatest common factor of l and x.
2
Let i be -2 + -1 + 25 + -2. Let d(v) = 2*v**2 + 9*v - 10. Let p be d(-10). What is the greatest common factor of p and i?
20
Suppose 5*h + 3*d = -10 - 10, 4*h + 14 = -2*d. Let s(f) = -f**2 + 5*f + 2. Let g be s(6). Let n = h - g. What is the highest common divisor of 2 and n?
1
Suppose 2*u - 36 = -u. What is the highest common factor of u and 20?
4
Suppose -q + 0*q + 6 = 0. Let t = q - 4. What is the greatest common divisor of 8 and t?
2
Let n = 0 - -30. Let r be (36/5)/(6/n). Calculate the greatest common factor of 4 and r.
4
Let u be (-7)/(63/(-60))*3. What is the highest common divisor of 30 and u?
10
Suppose 8*r = 3*r + 355. Suppose 0 = 5*u - 3*a - 43, r = 2*u + 3*u + 4*a. Calculate the highest common factor of u and 22.
11
Let x be (15/(-20))/(2/(-48)). Let k(d) = -73*d**3 - 2*d**2 - 2*d - 1. Let m be k(-1). Calculate the highest common factor of m and x.
18
Let m be (1 - -1) + 4 + 0. Let k(s) be the first derivative of -s**3/3 + 9*s**2/2 + 4*s - 1. Let x be k(m). Calculate the greatest common divisor of 33 and x.
11
Suppose -3*t = 3*n + n - 46, -4*t + 5*n = -51. Calculate the highest common factor of t and 98.
14
Let j = 35 - 34. Calculate the greatest common factor of 16 and j.
1
Let s = -1 - 7. Let z = 12 + s. Calculate the highest common divisor of z and 44.
4
Let d(a) = -60*a - 8. Let h be (-2)/(-7) + (-240)/(-42). Let o be d(h). Let u be 2/(-3) + o/(-12). Calculate the highest common divisor of u and 10.
10
Suppose 24 = 5*m + 9. Suppose 4*n - n = -3*l + 33, 4*l - 41 = -m*n. Calculate the greatest common divisor of l and 1.
1
Let v be (8/(-14) - (-275)/77) + 7. Let f be (0 - -1) + 58/2. Calculate the highest common divisor of v and f.
10
Let i(l) = l**3 - 9*l**2 + 9*l + 7. Let p be i(8). Calculate the highest common factor of 105 and p.
15
Suppose 5*o = 6*o - 30. What is the greatest common factor of 6 and o?
6
Let s(v) = v**3 - 4*v**2 + 3*v. Let c be s(4). Let n be 163/11 - c/(-66). Calculate the greatest common divisor of n and 5.
5
Let i = -62 + 157. What is the greatest common divisor of i and 19?
19
Let w = 90 - 47. Calculate the highest common factor of w and 215.
43
Let u(k) = k**2 + 6*k + 6. Let s be u(-5). Calculate the highest common factor of s and 1.
1
Let u(v) = 6*v**2 + 21*v + 2. Let n be u(-4). Let c be 14/(1/9*1). Calculate the highest common divisor of n and c.
14
Let t be (3120/28)/((-2)/14). Let b be t/(-14) + 8/28. Calculate the highest common divisor of b and 7.
7
Let v(u) = u**3 + 6*u**2 + u - 6. Suppose 0 = -m - 3*a + 10, m - 4*a - 20 = -9*a. Let n be v(m). What is the highest common divisor of n and 42?
14
Suppose 8*y - 9 = 7*y. Suppose -5*w + y = -16. Suppose 2*u - u - 15 = 0. What is the greates